+ (-31 - -30) + -63 - (0 + -2).
-62
Calculate 8 + 20 + -9 + -25 - (-5 - -12).
-13
Calculate (10 - 1) + -193 + 124.
-60
Evaluate -2296 + 2290 + 90 + 2 + -2 + 3.
87
Calculate 10 + -24 - (30 + 43) - -18.
-69
Evaluate (-4 + -66 - 0) + (24 - (29 + 22 - 31)).
-66
What is 22 + -29 + 6 - (29 + (10 - 3))?
-37
What is -19 - (-6 + -29) - (-29 - 4)?
49
What is -20 + (-19 - 0 - (-18 - -5)) + -3?
-29
What is the value of 2441 + -2537 - (-1 + -3 - 11)?
-81
-50 + (17 + (3 - 8) - -1 - 2) + -9
-48
Calculate 20 - 24 - ((-5 - (1 + (-8 - -5))) + 45).
-46
(166 - 181) + 0 + (3 - (-4 - -19))
-27
Calculate 2 + -5 + (42 + -2 - -3) - (-484 - -485).
39
What is the value of 1 + -2 + 39 + (-58 - (184 - 242))?
38
What is 43 - 3 - (-17 + -17 - -38)?
36
Evaluate -3 - 1 - 48 - (73 + 58 + -134).
-49
What is the value of 38 - ((2127 - 2155) + 0 + 38)?
28
What is (-40 - (-37 + 63)) + 40?
-26
Evaluate 9 + 14 + -6 + (44 - 8) + -111.
-58
What is the value of -17 + (2 - 64 - -24)?
-55
95 + 0 - (-44 - (-113 - -54))
80
What is the value of (-25 + 30 - 13) + (-60 - -2) + (-8 - -9)?
-65
What is the value of (-21 - (-48 + 27)) + 34 + 12 + -2?
44
Evaluate -56 + 140 - 127 - (1 - -1).
-45
Evaluate (-5 - 1) + -61 + (82 - 4) + -84.
-73
Evaluate 16 + -24 + -23 + 20 - 42.
-53
What is -158 + 129 + 130 - ((15 - -1) + -3)?
88
What is the value of -72 + (165 - 73 - 28)?
-8
14 + 4 + -10 + 51 + -54 + -27
-22
Calculate (25 + 22 - -12) + 3 + (-17 - 0).
45
What is the value of -24 - (-519 - -494 - (-2 - 1))?
-2
What is 38 + 2 + 4 - (862 + -765)?
-53
What is 28 + (-185 - (-111 - -22))?
-68
What is the value of -23 + 18 + (63 + -66 - (0 + 17))?
-25
Evaluate -41 + (-48 - -24) - (-7 - 1 - -2).
-59
What is the value of -47 + 75 + (5 - -1) + -61 + 74?
47
Evaluate (31 - (-22 + 15 + 6)) + -81.
-49
1302 + -1239 - (1 - -114)
-52
-13 - -23 - ((30 - (-2 + 16)) + 60 + -8)
-58
What is (-2 - 6) + (1 - (2 - 6)) + (-49 - -78)?
26
What is -22 + (-23 - -56) + -7 + 7 + -2?
9
What is 10 - (-22 - (6 - (10 - -25 - -11)))?
-8
What is the value of -98 + ((-24 - -62) + -24 + -10 - (2 + 1))?
-97
Evaluate (-4 + -3 - -3 - (3 - 13 - 105)) + -7.
104
What is the value of (2939 - 2952) + 1 + -1 + 29?
16
Evaluate 10 + 1 - ((-30 - (21 - 9)) + 2).
51
(-124 - -131) + (-45 - 3) + (-1 - 8 - -2)
-48
What is 102 + 8 - (10 - (1 - 8))?
93
What is 0 + (-3 + 28 - 58) - -5?
-28
What is the value of -15 - (7 + (-10 - 6) + 15 - -18)?
-39
-5 - (-2 + 2 - (197 + -175 - (9 + 0)))
8
Calculate (-22 - -12 - 14) + -9 + 4 + 10.
-19
(-87 - (-132 - -58)) + 71
58
Evaluate ((-2 - -48) + -24 + -7 - 6) + (1 - -30).
40
Evaluate 66 + (-13 - (6 + -5 + -6 + 1)).
57
Evaluate -253 + 317 + -138 - (2 - 1 - -19).
-94
Evaluate 395 + -518 - (7 + (-36 - 3)).
-91
-15 + (19 - 40 - 2) + 41
3
Calculate (1 + 0 + 0 - 12) + (-1 - (1 - 9)).
-4
What is the value of (20 - -13 - (-2 - -8)) + -14 + -97 + 8?
-76
What is the value of 44 + 0 - (4379 - 4395)?
60
Evaluate 24 + -59 + (-10 - -10 - -12).
-23
Calculate -86 - (-120 + 16 - -66).
-48
What is the value of (1 - 26) + (104 + -329 - -211)?
-39
What is the value of (-30 - -1) + (28 - 22 - (-2 + 10) - -4)?
-27
What is (0 - -1) + (-17 - -12) + (-9 - -79 - 11)?
55
Evaluate -2 - -3 - (6 + 12 + -15).
-2
What is -58 + (32 - (16 - -14))?
-56
Calculate -66 - (-2 + 3 + 48 - (-119 - -143)).
-91
What is 17 + 6 + -114 + -4 + 0 + (13 - -6)?
-76
What is 5 - -35 - (-34 + 46)?
28
What is 97 + (30 - (-29 + 134))?
22
-1 + 20 - (5772 + -5697)
-56
What is -39733 - -39621 - (0 + -143)?
31
-32 - (3 + 66 - (35 - 2))
-68
Calculate 0 + 4 + -2 + 3 - (-401 + 405).
1
Calculate -5 + (-11 - (-1 - (3 - 1 - -4))).
-9
Calculate -3 + -11 + 2 + 12.
0
Calculate 54 + (-3 - (-1 - -49)).
3
What is the value of 1 + -5 + 12 - -6 - (-244 - -245)?
13
(25 - 7) + -6 + 25 + -42
-5
What is the value of -142 - (-94 + 29) - -75?
-2
Evaluate (18 - (-106 - -117)) + 109.
116
What is the value of 3 + 9 - 24 - (-136 + 33 - -33)?
58
What is 48 + 1 + -1019 + 975?
5
38 + 1 + (127 - (90 - -173))
-97
Evaluate 50 + 47 + 42 + -196.
-57
-6628 + 6561 + (0 - -34)
-33
What is (-4 - (0 - (-2 - -2)) - -14) + (-884 - -894)?
20
What is the value of -2 + -73 + 55 + (1 - -8) - (0 - -60)?
-71
(53 - (-49 - -47)) + (-9 - 11)
35
What is the value of -13 - ((-11 - (7 - -8)) + 21 + (-96 - -1))?
87
Evaluate 1645 + -1612 - ((-1 - -1) + 0).
33
Evaluate 2 + -2 + -17 + -30.
-47
What is (22 - 10 - 19) + -110 - -15 - (0 + 1)?
-103
What is the value of -6 + (17 - 70 - (-1 + 17) - 1)?
-76
-5 + (14 - -81) + -60
30
What is -3464 + 3497 - (82 - 5)?
-44
What is -1 - 35 - (303 - 321)?
-18
What is the value of 12 + (-28 - -23) - -47?
54
Evaluate 343 + -330 + (-55 - 9).
-51
Evaluate (14 - -1) + 52 - -43.
110
What is the value of 341 + -400 + (-13 - -99)?
27
What is the value of (-98 - (102 - 102)) + 179?
81
What is 8 + 7 + 0 + (9 - 17) - (-130 - 1)?
138
What is 19 + -15 - (299 - 327)?
32
Evaluate 30 + -4 + 110 + -37 + -27.
72
What is (35 - 49) + 36 - (9 + (2 - 0 - 4))?
15
What is (2 - (-25 + -2)) + -6 + 22 + -23 + 10?
32
Evaluate (70 + -8 - -32) + 8 + 6 + (-1 - -13).
120
What is -17 + 19 + (-2 + -1 - (17 + -65))?
47
1 + 10 + (-110 + 79 - (-1 + -14))
-5
-13 + -4 + 14 + 26 - 4 - 13
6
(5 - -33 - (28 + -17)) + -3 + -1
23
Evaluate (-11368 - -11446) + 0 + 43.
121
Calculate (74 - 125 - (-1 + -19) - (8 + -5)) + 7.
-27
(0 + 9 - (-87 + 12 - -73)) + -85
-74
-36 - (-96 + -56 + 62)
54
Evaluate -16 + (21 + 2 + 4 - -8).
19
Calculate 19 + (-12 + -2 - (-211 - -150)) - 24.
42
(-21 - 2 - (-172 - -137)) + 1 + 9
22
-23 + 2 + (16 - ((17 - 6) + 10))
-26
Calculate (0 - (1 + 2)) + -2 + 93 - (-5546 + 5533).
101
Evaluate -25 - (4 - 13 - -12).
-28
(-519 - -493) + -5 + 5
-26
Calculate -1 + (3 - 0) - (37 - (40 + 36)).
41
(-41 - -39) + 0 + 4 - (-68 + 17)
53
Evaluate 0 + (-22 + 11 + 10 - 9).
-10
Calculate -39 - (-3 + -65 + 69).
-40
Evaluate (-42 + 61 - (4 + 31)) + 137.
121
Evaluate -2 - (-6 - -4) - (15 - (-17 + 30)).
-2
What is 8 + -67 + 5 + -26 + -31 + 72?
-39
Evaluate -21 - (4 + (76 - 38)).
-63
What is the value of -2 + -40 + -104 + 100?
-46
(-11 - -42) + (2 - -4) + (-8 - -22)
51
Calculate (19 - -36) + (-69 - -55).
41
What is -414 - -365 - (-37 + 4)?
-16
What is the value of 4 + -38 + 26 - (-5 + 4 + (-4 - 2))?
-1
Calculate 4 + -3 + (6 - 0 - (0 - -5)) - -32.
34
0 + 0 + -65 + -3 + (4075 - 4091)
-84
What is the value of 95 + -9 + 8 - (4 + 6 + 2) - 10?
72
Evaluate -8 + 0 + 61 + 9 + (-7 - 0) + -5.
50
What is 48 + -2 - (41 + (-15 - 7))?
27
(66 - (25 + -5)) + -22 - -10
34
Calculate (7 - 79) + ((-8 - 0) + (-59 - -59) - 3).
-83
Evaluate -89 + 98 + -1 + -21 + 2 + -14.
-25
What is -14 + 17 + -14 - -100?
89
Evaluate -8 + 12 - -1 - (-38 + 15 - -31).
-3
Calculate -10 - (14 - ((69 - 70) + -18 + -4)).
-47
Calculate 4 + -6 + 21 - (79 + -42 - 53).
35
Evaluate -8 - (64 + -34 + -64).
26
What is the value of 19 + 0 + 5 + -4 + (-73 - -58)?
5
What is -30 + (16 - -47) + -12?
21
Calculate (-1 + 40 - (1003 + -989)) + 25.
50
What is -98 + (-36 - -58) + 17 - (1 - -10)?
-70
What is (113 - (77 - 68)) + -8 + -10?
86
What is 14 + 5 + (-7 - 13)?
-1
What is 5 - (-111 + 99) - (-10 - 1)?
28
What is the value of -56 + -69 + 5 + 112?
-8
What is -8 - (180 + -191 + (-13 - -2))?
14
What is the value of (-13 - -60) + 99 + -94 + (-1 - 13)?
38
What is the value of -176 + 281 + (-13 - -5) + -8?
89
Calculate -7 + ((0 - -1 - 61) + (-877 - -881) - -9).
-54
What is (-75 - 5 - (19 - 4)) + 21?
-74
Calculate (-100 - -39) + 42 + 26.
7
Evaluate -38 + (63 - -30) + -79.
-24
(-4 - 0) + -21 + 2 + -10
-33
What is -2 - 3 - (3 + -1 + (-9 - 4) + 12)?
-6
What is the value of -15 - (20 + (-20 - -4)) - -10?
-9
Calculate -1 + 3 + 8 + -19 + -5 + (7 - 1).
-8
Evaluate -1 + (-49 + 25 - -13) + 6 + 5 + 51.
50
(14 - 7 - (60 - 14)) + 9
-30
Calculate -2 + -3 + ((-14 - -17) + -12 - -5) - 0.
-9
What is -1 + (-54 - 3) - ((-4 - (9 + 2)) + 16)?
-59
What is (61 - 39) + -16 - (40 - (4 - 4))?
-34
What is (-19 - -19) + 35 - (56 + 5)?
-26
Calculate -16 - 2 - ((10 - 18) + -6).
-4
Evaluate -1 + 39 + -80 - -66.
24
34 + (33 - 34) + -56 - 55
-78
Calculate 2 + 173 - 115 - 97.
-37
What is the value of -2 - (-4 + -2 - 2) - (25336 - 25337)?
7
What is 2 - 12 - (-69 - -38 - -62)?
-41
What is 3 - 4 - (180 - 159)?
-22
Calculate (14 - (11 + 2 + (-57 - -38))) + 7 + 3.
30
Calculate 15 - (15 - -55 - (1 - (19 + -1))).
-72
What is the value of -3 + -14 - (-